 digit of (-36)/c - 3/15?
7
Let y = -18 + -3. Let q = y - -34. What is the units digit of q?
3
Suppose 0 = -9*b + 389 + 1447. What is the units digit of b?
4
What is the tens digit of (2 + 6)*(-117)/(-6)?
5
Let w be 5/(-10) - 26/(-4). Suppose -2*j + 3*j - w = 0. What is the units digit of j?
6
Suppose 39*c = 42*c - 714. What is the units digit of c?
8
Suppose 5*l = -25, 3*q + 2*l = 3*l + 5. Suppose q = r - 6*r + 180. What is the tens digit of r?
3
Let z = 37 - 24. Let w = 8 - z. Let g(x) = -x + 4. What is the units digit of g(w)?
9
Let d(u) = u**3 + 3*u**2 + 2*u. Let l be d(-2). Suppose l = -t - 4*t + 5. What is the units digit of t?
1
Let u be (-46)/(-4) + (-2)/(-4). Let w = u - 0. What is the units digit of w?
2
Suppose 0*d + d = 20. Suppose 2*w + 5*x = -0*x + 11, -d = -5*w - 5*x. What is the units digit of w?
3
Let i = 220 + -144. What is the tens digit of i?
7
Suppose 2*i - 5*m = -m + 946, 0 = -5*i - 5*m + 2305. What is the units digit of (-2)/(5/(i/(-6)))?
1
Let b be (24/9)/(2/3). Let f = b + -10. Let n = f + 8. What is the units digit of n?
2
Let u(l) = 4*l**2 + 4*l - 9. What is the tens digit of u(-5)?
7
Let s = 16 + -9. Let u(c) = -c - 11. Let l be u(-9). Let p = s - l. What is the units digit of p?
9
Let d = -3 - -6. Suppose 3*n - 4*f = 0, -4*f = d*n - n - 20. What is the units digit of n?
4
Let p(f) = -f**2 - 6*f - 4. Let a be p(-3). Suppose -g + a = -12. What is the units digit of g?
7
Let b(p) be the third derivative of -p**5/60 + 3*p**4/8 - p**3 - 3*p**2. What is the tens digit of b(5)?
1
Let o(y) be the first derivative of -y**4/4 + 4*y**3 + 3*y**2/2 - 17*y - 8. What is the units digit of o(12)?
9
Let z = -97 - -171. What is the tens digit of z?
7
Let o = -306 + 626. What is the tens digit of o?
2
Let n(a) = a**3 + 51*a**2 - 2 - 45*a**2 + 7. Suppose 2*r - 5*j + 26 = r, -2*r + 5*j - 32 = 0. What is the units digit of n(r)?
5
Let v(t) = -5*t. Let y = -36 - -26. Let o(w) = w**2 + 9*w - 12. Let l be o(y). What is the units digit of v(l)?
0
Let v(c) = -8*c**2 - 3*c. Let n be v(-2). Suppose 3*u - 16 = -49. Let t = u - n. What is the units digit of t?
5
What is the units digit of (-98)/(-4)*48/28?
2
Let z(b) = 17*b + 1. Let l = -1 + 2. What is the tens digit of z(l)?
1
Suppose 5*l - 1240 = w, -l - 4*l + 1255 = -4*w. What is the hundreds digit of l?
2
Let z(h) = -h**3 + 6*h**2 + 2*h - 5. Let g be z(6). Suppose x - g = 5. Let y = x - -4. What is the tens digit of y?
1
Let r(v) = v**3 + 4*v**2 - 2*v - 3. Let x be r(-4). Suppose l = x*a - 10 - 30, -3*a + 5*l + 46 = 0. What is the units digit of a?
7
Suppose -3*n + 483 = -5*l, n = 4*n + 2*l - 462. What is the hundreds digit of n?
1
Let k = -31 - -20. Let l = 20 + k. What is the units digit of l?
9
Let f(g) be the first derivative of g**3/3 - 2*g**2 - 11*g + 7. What is the units digit of f(-5)?
4
Let u(w) = -4*w - 3. Let g be u(3). Let t = 66 + -72. Let f = t - g. What is the units digit of f?
9
Suppose 0 = -5*f + u + 111, -2*f + 18 = 3*u - 23. What is the tens digit of f?
2
Let i = -13 + 7. Let f be (-2)/2 - 1 - i. Let r = 7 - f. What is the units digit of r?
3
Suppose -2*w = 3*z - w + 5, -5*w - 25 = -z. Suppose -3*q - 4*j + 26 = -3, z = 4*q + j - 17. What is the units digit of q?
3
Let y = 96 - 60. What is the tens digit of y?
3
Let b = 7 + 25. Suppose 5*h + b = 232. Suppose -6*i + h = -i. What is the units digit of i?
8
Let z = -10 - -15. Let t = z - 2. What is the units digit of t?
3
Let q(u) = u**2 - u. Suppose -3*z + 4*j = -11, -z - 3*j = j + 23. What is the tens digit of q(z)?
1
Let d(n) = -28 + 3*n + 22 + 7*n - 3*n. What is the units digit of d(3)?
5
Let o(g) = -7*g - 3. Let v be o(-3). Let n = -5 + v. What is the tens digit of n?
1
Let c be 3*(-1 + 2 + 0). Suppose -4*b + b + c = 0. Suppose -b - 5 = -v. What is the units digit of v?
6
Let z(a) = 52*a - 10. What is the hundreds digit of z(3)?
1
Let p(n) = -n**2 - 6*n - 3. Let b be 12/10*10/4. Suppose -b*z = -5*z - 10. What is the units digit of p(z)?
2
Let s(k) = 5 - k + 4*k - 6. Let q be s(1). Suppose 14 = 3*a - p, p - q*p - 26 = -5*a. What is the units digit of a?
6
Suppose 96 = -2*u + 5*u. Let r be (-2)/6 + 21/9. Suppose -u = -r*p - 2*p. What is the units digit of p?
8
Suppose 2*v = -q + 45, -4*v - 5*q + q + 92 = 0. What is the tens digit of v?
2
Suppose 0 = 5*o - 4*c + 6*c - 565, -226 = -2*o - c. What is the hundreds digit of o?
1
Suppose 0*d = -5*d + 5. What is the units digit of d?
1
Let j(f) = 16*f**2 + 4*f + 1. What is the tens digit of j(-3)?
3
What is the tens digit of ((-3370)/(-9))/2 - 34/153?
8
Suppose 5*p - 195 = -v, 5*p - 2*v - 136 = 44. What is the units digit of p?
8
Let o(x) = x**2 + 14*x. Let d be o(-14). Let s = 5 + -3. Suppose -f + s = -d. What is the units digit of f?
2
Let x = 5 + -2. What is the units digit of x?
3
Let q be 33 - 3/(1 + 2). Suppose k + 4 = 2*k, 3*k - q = -h. What is the tens digit of h?
2
Let o be (-76)/18 + (-2)/(-9). Let q(y) = -y**3 - 4*y**2 - y - 1. Let v be q(o). Suppose 0*a + 5*s = v*a - 22, 5*a - 47 = -2*s. What is the units digit of a?
9
Let u(l) = -l + 2. Let b be u(-3). Let h be (-176)/(-28) + (-4)/14. Suppose j = h*j - b. What is the units digit of j?
1
Let h(p) = -23*p + 1. What is the tens digit of h(-1)?
2
Let l = 28 - 13. Let h = l + -7. What is the units digit of h?
8
Suppose 10 = z - 7. Suppose y - z = -h, 20 + 17 = 2*h + y. What is the tens digit of h?
2
Let g(z) = -5*z - 1. Let b be g(-2). Suppose 3*r - 33 = -3*c, 5*r - 2*r = -c + b. What is the units digit of c?
2
Let a(z) = -31*z**3 - 2*z**2 + z + 2. What is the tens digit of a(-1)?
3
Let a(j) = j**3 + 4*j**2 + 3*j - 4. Let l be a(-3). What is the tens digit of (5 + 2)*l/(-2)?
1
Let z be (-24)/(-18)*3/2. Suppose 3*a = 3*p + 267, -5*a - 6*p = -z*p - 481. Suppose 2*w + 0*r - 41 = -3*r, a = 5*w - 2*r. What is the tens digit of w?
1
Let m(p) = p + 11. What is the tens digit of m(9)?
2
Let g be (3/(-2))/(2/36). Let n = -18 - g. What is the units digit of n?
9
Suppose -10*w - 40 = -15*w. What is the units digit of w?
8
Let z = 0 - -6. Suppose -i - 4*q = -8, 2*i - 4*q + 2 = z. What is the units digit of i?
4
Let d = 34 + 30. What is the units digit of d?
4
Let i = -18 + 39. What is the units digit of 813/i + 2/7?
9
What is the units digit of (0 + 111/(-2))*-2?
1
Let a(s) = s**2 + s + 3. What is the tens digit of a(4)?
2
Suppose 50 = 4*d + 18. Suppose d*j - 95 = 3*j. What is the units digit of j?
9
Let o = 25 - 45. What is the units digit of (-6)/8 + (-715)/o?
5
Suppose -3*l + 408 = 3*g, l + 0*g - 140 = -5*g. What is the hundreds digit of l?
1
Suppose 5 = -2*k + 23. Suppose -6*d = -k*d + 144. What is the units digit of d?
8
Let w = -29 + 33. Let m(d) = -2*d + 4. Let n be m(-5). Suppose -w*g + n = -2*g. What is the units digit of g?
7
Let z be 296/10 - 8/(-20). Let d be (z/(-4))/(2/(-12)). Suppose 0 = 4*m - 6*m + k + 18, 0 = 5*m - 5*k - d. What is the units digit of m?
9
Let b(f) = -f**2 - f + 20. What is the units digit of b(-4)?
8
Suppose -2*t + s + 0*s = -4, -5*t = 5*s + 5. Let x = t - 2. What is the units digit of 3 + x + 2 + -2?
2
Let b(h) = -2*h - 6. Let q be b(6). Let u(z) = -z**2 - 11*z + 8. Let i be u(-8). Let m = q + i. What is the units digit of m?
4
Let y = 18 - 27. What is the tens digit of (-1 - -2) + 2 - y?
1
Suppose -3*k = -45 + 15. Let x be 1 - 5/(k/(-8)). Suppose x = -3*n + 5*n + 3*g, -3*g - 11 = -2*n. What is the units digit of n?
4
Let f(x) = -3*x - 16. Let z(u) = 10*u + 49. Let y(c) = -7*f(c) - 2*z(c). What is the units digit of y(-12)?
2
Let l = 303 + -129. What is the tens digit of l?
7
Let r = 11 + -6. What is the units digit of r?
5
Let d be 51/6 - 3/6. Let w(o) = -o - 1. Let y(p) = -p**2 + 4*p - 15. Let z(q) = -6*w(q) + y(q). What is the units digit of z(d)?
7
Let c(a) = 8*a - 10. Let v(r) = -r - 1. Let b be v(-7). Let i(h) = -h + 1. Let n(s) = b*i(s) + c(s). What is the units digit of n(6)?
8
Let n(r) = -2*r - 1. Let p be n(1). Let d be p/(1/(4/6)). Let u(i) = i**2 - 1. What is the units digit of u(d)?
3
Suppose 72 = -4*k + 7*k. What is the tens digit of k?
2
Let r(v) = 4 - v**3 + 2 - v + 6*v**2 + 0. Let y be r(6). Let w = y - -1. What is the units digit of w?
1
Let z(u) = -4*u + 1. Let l be z(-1). Suppose -l*o + 10*o = 265. Suppose 4*r = o - 13. What is the tens digit of r?
1
Suppose 18 = -j + v, -5*v 